61624 and 8.
8
What is the greatest common divisor of 55 and 26200?
5
Calculate the greatest common divisor of 892 and 124.
4
Calculate the highest common divisor of 24 and 18372.
12
Calculate the highest common divisor of 3267488 and 232.
232
What is the greatest common factor of 3920488 and 897?
299
What is the greatest common divisor of 13930 and 280?
70
What is the greatest common divisor of 153209 and 2107?
301
Calculate the highest common factor of 162 and 54054.
54
What is the highest common factor of 16 and 1688?
8
Calculate the greatest common divisor of 68596 and 836.
44
Calculate the greatest common divisor of 262 and 2459263.
131
Calculate the highest common factor of 90 and 188586.
18
What is the highest common divisor of 216 and 3408?
24
Calculate the greatest common divisor of 37232 and 624.
208
What is the highest common divisor of 925 and 103225?
25
What is the greatest common factor of 57831 and 740?
37
Calculate the highest common divisor of 43 and 633175.
43
Calculate the greatest common divisor of 22116 and 60.
12
What is the highest common divisor of 6354 and 54?
18
What is the highest common divisor of 7328 and 6576?
16
Calculate the highest common divisor of 1179719 and 681.
227
What is the highest common factor of 330 and 1098636?
66
Calculate the greatest common divisor of 56 and 1016.
8
What is the greatest common divisor of 476 and 6596?
68
Calculate the highest common factor of 432 and 240.
48
What is the greatest common factor of 3105 and 4455?
135
What is the greatest common factor of 1073 and 13106695?
1073
Calculate the highest common factor of 91478 and 214024.
1726
What is the greatest common divisor of 70 and 482290?
10
What is the greatest common factor of 161 and 188531?
161
What is the greatest common factor of 13281 and 2052?
57
Calculate the highest common factor of 259102 and 3303.
367
Calculate the highest common factor of 2996 and 5516.
28
What is the greatest common factor of 320628 and 168?
84
Calculate the greatest common divisor of 28358 and 40.
2
What is the highest common factor of 75445 and 78310?
955
Calculate the greatest common divisor of 15042 and 10074.
138
Calculate the greatest common divisor of 1043 and 23393.
149
What is the highest common factor of 142224 and 48?
48
What is the highest common factor of 107766 and 12?
6
Calculate the greatest common divisor of 14099 and 2452.
613
Calculate the greatest common divisor of 362 and 9.
1
Calculate the highest common factor of 340 and 1403316.
68
What is the greatest common factor of 662 and 3508600?
662
Calculate the greatest common factor of 3956 and 1548.
172
Calculate the greatest common divisor of 7970 and 410.
10
What is the greatest common divisor of 135 and 94635?
135
Calculate the highest common divisor of 443796 and 12.
12
Calculate the greatest common factor of 5283 and 4696.
587
What is the greatest common factor of 153160 and 8?
8
What is the greatest common factor of 282 and 481233?
141
Calculate the highest common factor of 2142 and 890154.
306
What is the greatest common factor of 324 and 1551996?
36
Calculate the greatest common divisor of 1122 and 2958.
102
What is the greatest common factor of 73445 and 1295?
185
What is the highest common divisor of 478 and 256?
2
Calculate the greatest common divisor of 336 and 2160.
48
What is the greatest common divisor of 75 and 9175?
25
Calculate the highest common divisor of 27 and 41931.
27
What is the highest common divisor of 2506378 and 7?
7
What is the greatest common divisor of 558 and 89514?
18
Calculate the greatest common factor of 58707 and 22.
11
Calculate the highest common factor of 4209 and 11868.
69
Calculate the highest common factor of 35526 and 930.
186
What is the highest common divisor of 1518 and 390522?
66
Calculate the greatest common divisor of 229331 and 53.
53
Calculate the highest common divisor of 9 and 177129.
9
Calculate the highest common divisor of 274512 and 4200.
168
Calculate the greatest common divisor of 43686 and 459.
27
What is the greatest common divisor of 22 and 93753?
11
What is the highest common divisor of 272 and 102?
34
What is the highest common factor of 171 and 13437?
9
Calculate the greatest common divisor of 208 and 20748.
52
Calculate the highest common factor of 342436 and 2242.
118
Calculate the highest common divisor of 9386 and 625252.
722
What is the greatest common factor of 374640 and 240?
240
Calculate the greatest common factor of 44822 and 49734.
614
What is the greatest common factor of 74 and 8066?
74
Calculate the greatest common divisor of 10 and 2293400.
10
What is the greatest common divisor of 277404 and 12?
12
Calculate the highest common factor of 667530 and 45.
45
Calculate the highest common factor of 111734 and 14.
14
What is the highest common divisor of 38040 and 3160?
40
What is the greatest common divisor of 918 and 1611549?
459
What is the highest common factor of 2302 and 13511589?
1151
Calculate the highest common divisor of 231 and 696311.
77
What is the greatest common factor of 35862 and 2?
2
What is the highest common factor of 20 and 76075?
5
What is the highest common divisor of 14601 and 2325?
93
Calculate the greatest common factor of 16600 and 8600.
200
Calculate the greatest common factor of 944 and 1534.
118
Calculate the highest common factor of 25988 and 32.
4
Calculate the highest common factor of 9416 and 924.
44
Calculate the greatest common divisor of 2 and 601.
1
Calculate the highest common divisor of 48 and 20608.
16
What is the greatest common factor of 24096 and 384?
96
Calculate the highest common factor of 16 and 1412036.
4
Calculate the highest common divisor of 1068548 and 39.
13
What is the highest common divisor of 124 and 668639?
31
What is the greatest common factor of 133 and 106463?
7
Calculate the greatest common factor of 1254912 and 192.
192
Calculate the greatest common factor of 191 and 31897.
191
What is the highest common factor of 14571 and 934163?
1619
What is the highest common factor of 83118 and 224?
14
Calculate the greatest common divisor of 349315 and 285.
95
Calculate the greatest common factor of 20835 and 30.
15
Calculate the greatest common divisor of 21691 and 6169.
199
Calculate the highest common divisor of 55 and 21043.
11
What is the greatest common divisor of 10872 and 2795916?
1812
What is the greatest common divisor of 4004 and 26936?
364
Calculate the highest common divisor of 17285 and 70.
5
What is the greatest common divisor of 783 and 12209?
29
What is the greatest common divisor of 375 and 36625?
125
Calculate the greatest common factor of 1480 and 2480.
40
Calculate the greatest common divisor of 27878 and 8942.
526
What is the greatest common factor of 2580 and 58308?
516
What is the highest common divisor of 184905 and 105?
105
What is the highest common divisor of 207 and 597747?
69
Calculate the highest common divisor of 1946773 and 547.
547
What is the greatest common divisor of 480 and 353140?
20
What is the highest common factor of 4005 and 360?
45
Calculate the highest common divisor of 6350 and 9850.
50
Calculate the highest common divisor of 1469 and 1808.
113
Calculate the highest common divisor of 1101220 and 10.
10
Calculate the greatest common factor of 61 and 225517.
61
Calculate the highest common divisor of 158969 and 71.
71
What is the highest common divisor of 5076 and 5184?
108
Calculate the highest common divisor of 11563 and 2449.
31
What is the greatest common factor of 467 and 725251?
467
Calculate the highest common divisor of 18150 and 10450.
550
What is the highest common divisor of 23052 and 137292?
204
What is the highest common factor of 6411 and 1173?
3
Calculate the greatest common factor of 28148 and 217.
31
Calculate the highest common factor of 126170 and 620.
310
Calculate the greatest common divisor of 31127 and 17.
17
What is the highest common divisor of 6145 and 39?
1
What is the highest common divisor of 66 and 6299150?
22
Calculate the greatest common divisor of 342649 and 277.
277
Calculate the greatest common factor of 6 and 1429299.
3
What is the greatest common divisor of 855154 and 3562?
274
Calculate the highest common divisor of 918 and 297.
27
Calculate the greatest common factor of